 the prime factors of 0 + 15 - 0 - -2.
17
Suppose 0 = 3*m - 4*w + 14, -14 = 4*m - 3*w - 0*w. Let j be ((-20)/(-6))/(m/(-6)). Let c = j + -2. List the prime factors of c.
2
Let b be 5/(-2)*(-14 + 4). Let g = -3 + 13. List the prime factors of 52/5 - g/b.
2, 5
Let u be 4/3*162/(-3). Let n = u - -112. List the prime factors of n.
2, 5
Let z = 27 + -25. Suppose 0*a - 2 = 2*a. What are the prime factors of 11/(z - (a + 2))?
11
Let o = -16 - -94. List the prime factors of o.
2, 3, 13
Suppose 0 = m - 0 - 4. Suppose -4*b + 54 = -m*i + 14, 4*i = -16. What are the prime factors of b?
2, 3
Suppose -11*u + 1664 = 2*u. List the prime factors of u.
2
Let u = 163 - 110. List the prime factors of u.
53
Let n(t) = -2*t - 16. Let d be ((-18)/(-21))/((-3)/42). What are the prime factors of n(d)?
2
Let n = 9 - 4. Suppose n*u - 75 = -0*u. List the prime factors of u.
3, 5
Let y(u) = -3*u - 21. Let q(m) = m + 7. Let v(b) = -3*b + 13. Let c be v(10). Let z(n) = c*q(n) - 6*y(n). What are the prime factors of z(-4)?
3
Let o = 1 + -7. Let g be -15*2*o/15. Suppose 0 - g = -4*n. What are the prime factors of n?
3
List the prime factors of 56*(5/(-2) - -3).
2, 7
Let i = -28 + 47. What are the prime factors of i?
19
Suppose 21 = -4*b + 3*x + 71, 4*x + 62 = 5*b. List the prime factors of b.
2, 7
Suppose -4*l - l + 1015 = 0. What are the prime factors of l?
7, 29
Let d = -36 - -54. What are the prime factors of d/(-42) - 300/(-14)?
3, 7
Let b(q) be the third derivative of -1/12*q**4 + 1/3*q**3 - q**2 + 1/30*q**5 + 0 + 0*q. List the prime factors of b(2).
2, 3
Suppose 30 = 3*p - 3. List the prime factors of p.
11
Suppose 4*b + 4*g - 28 = 0, 10 = 2*b + 2*g + 2*g. Suppose 4*v = v - y + 6, -3*y - b = 0. What are the prime factors of v?
3
Suppose 0 = -4*i - 3 - 9. Let y = -3 - i. Suppose 4*k + k - 45 = y. What are the prime factors of k?
3
Let s(m) = 4*m**2 + 3*m + 12. What are the prime factors of s(-3)?
3, 13
Let s(x) = 2*x**2 + 18 - x**2 - 2 + 12*x. List the prime factors of s(-13).
29
Let o = -54 - -113. What are the prime factors of o?
59
Let s be 9*(-1 + (-20)/(-3)). Let u = 79 - s. Let h = 42 - u. List the prime factors of h.
2, 7
Suppose 3*j - 281 = 640. What are the prime factors of j?
307
Let f = -100 - -450. Let z = f + -200. What are the prime factors of z/14 + 4/14?
11
Suppose -6*j = -1084 - 350. List the prime factors of j.
239
Suppose -5*b + 6 + 4 = 5*q, -12 = -b + 4*q. Let o = b + -5. What are the prime factors of 7/(o/((-1)/1))?
7
Let l(i) = 118*i**2 + i. List the prime factors of l(1).
7, 17
Let g = -139 - -204. What are the prime factors of g?
5, 13
Let g(t) = 6 - 2 - 4 + 3*t. List the prime factors of g(1).
3
Let n(d) = -d**3 - 5*d**2 + 3. Let c be n(-5). Suppose c*s - 8 = -s. What are the prime factors of 1 + -2 - (-18)/s?
2
Let v(c) = c**2 - 6*c + 6. Let o be v(4). Let k be 0/o + 0 - -1. List the prime factors of (-12)/(-1) + k + -3.
2, 5
Suppose 0 = -2*w - 3*w + 15. List the prime factors of ((-126)/(-35))/(w/10).
2, 3
Let r(v) = v**2 + 6*v - 16. List the prime factors of r(-10).
2, 3
Let v(a) = 5 + 9*a**2 + a - a**3 - 9*a**2. Let t be v(0). Suppose 3*w + t = -5*p - 5, -w - 3*p - 10 = 0. List the prime factors of w.
5
Let y(k) = 4*k - 3. Let s be y(6). Let i = s - 4. List the prime factors of i.
17
Let o be 51 + (-3 - -6)*1. Suppose -o = -2*c - 3*y - 15, 3*c = 5*y + 49. What are the prime factors of c?
2, 3
Suppose 6*s - s = 20. Let w(g) = -g**3 - 2*g**2 + 4. Let u be w(-2). Suppose a - s*p = -2*a + 3, u*p - 17 = -a. List the prime factors of a.
5
Let a(p) = -p**3 - 3*p**2 + 6*p + 4. Let n be a(3). Let o = -9 - n. What are the prime factors of o?
23
Let p(y) = y**3 - 8*y**2 + 6*y - 11. Let a be p(8). Suppose -4*x + a = -5*f - 0*f, 3*x - 4*f - 27 = 0. What are the prime factors of x?
13
Let r(n) = -n**2 + 4*n + 7. List the prime factors of r(3).
2, 5
Suppose -5*u = 3*a - 15, a = -3*u - a + 9. Suppose -u*k - 15 = 4*h, h + 17 = -3*h - 5*k. Let d = h + 11. What are the prime factors of d?
2
Suppose 237 = -s + 4*s. List the prime factors of s.
79
Suppose -2*q - 70 = -4*q. What are the prime factors of q?
5, 7
Suppose -4*o + 3*d + 75 = 0, -5*o - 3*d = -4*d - 80. What are the prime factors of o?
3, 5
Let z = 18 - -12. Let n = -66 + 45. Let g = z + n. What are the prime factors of g?
3
Let i be (4/6)/((-3)/(-27)). Let f(s) = -s + 2*s + s + i*s. List the prime factors of f(1).
2
Suppose -d - 3*d + 24 = 0. Let l(i) be the first derivative of -i**4/4 + 5*i**3/3 + 4*i**2 - 6*i + 1. List the prime factors of l(d).
2, 3
Suppose 15 = 3*m + 3. Suppose 5*x = m*x + 2. List the prime factors of x.
2
Let q(w) = -w**2 + w + 6. Let p = -4 - -4. What are the prime factors of q(p)?
2, 3
Suppose -3*m + 38 + 43 = 0. List the prime factors of m.
3
Suppose -48 - 116 = -4*i. What are the prime factors of i?
41
Suppose 0 = -3*b - b + 272. Suppose 5*k = -5*l + 20, -3*k = -k - 4*l - 26. Suppose -3*i + k*i - b = 0. What are the prime factors of i?
17
Suppose -b + w - 6*w = -321, 2*b - 697 = w. List the prime factors of b.
2, 173
Suppose 0 = 3*o - 5*m - 133, 3*o - 114 = 2*m + 4. List the prime factors of o.
2, 3
Let v = -9 - -12. Let y(d) = d**2 - 2*d + 2. Let c be y(v). Suppose q + j = 27, -91 = 2*q - c*q - 5*j. List the prime factors of q.
2, 11
Suppose -63 = -4*h + 65. List the prime factors of (3 + -2)*(-1 + h).
31
Let n(p) be the third derivative of p**5/5 + p**4/24 + p**2. Let y be n(1). Let d = -7 + y. What are the prime factors of d?
2, 3
Suppose 9*r - 14*r = -30. List the prime factors of r.
2, 3
Let s be 0/(-2) + -5 + 7. Let p(i) = s*i + 3 + 3*i - 1. What are the prime factors of p(2)?
2, 3
Let w(z) = -2*z - 6. Let g be w(-5). Let r = g + 9. List the prime factors of r.
13
Let l = -518 - -756. What are the prime factors of l?
2, 7, 17
Suppose 3*i = 2*v + v + 12, -2*v = 5*i - 20. Let t = 0 + i. Let r = t - -16. What are the prime factors of r?
2, 5
Suppose -11*d + 13*d = 208. List the prime factors of ((-1)/(-2))/(4/d).
13
What are the prime factors of (-139)/(-4) + 2/8?
5, 7
Suppose 0 = 2*b - 65 - 107. List the prime factors of b.
2, 43
Suppose -2*w - 4*w = -390. What are the prime factors of w?
5, 13
Let v(n) = n**3 - 12*n**2 + 2*n + 9. List the prime factors of v(13).
2, 3, 17
Let b(s) = 12*s - 5 + 5. What are the prime factors of b(2)?
2, 3
Let h be 3/2*130/15. Let i = 28 - h. List the prime factors of i.
3, 5
Suppose l + 0 + 1 = 0. Let o be (11 - 9)*(2 + l). Suppose -5*w - 4*u + 46 = -43, 0 = -o*w + 3*u + 54. What are the prime factors of w?
3, 7
Let x be 6/21 + (-598)/(-14). Let a = 4 + x. List the prime factors of a.
47
Let q be -2*(-2)/8*4. Suppose 9 = 4*u - 15. List the prime factors of (-22)/(-6) + q/u.
2
Let x(t) = 101*t**3 - 3*t**2 + 2*t. What are the prime factors of x(1)?
2, 5
Suppose 2*p = -2*p - 5*r - 13, -16 = 4*p + 4*r. Let d(s) = -s**3 - 6*s**2 + 6*s - 3. Let z be d(p). List the prime factors of (-1 + z)/(-3)*-9.
3
Suppose 4*f - 274 = -4*u + 46, -4*f + 338 = -5*u. What are the prime factors of f?
2, 41
Let f be (-44 + 3/1)/(-1). Suppose -2*c = -7 - f. List the prime factors of c.
2, 3
Suppose 2*m = -2*m + 172. What are the prime factors of m?
43
Let m = -21 - -29. Suppose 0 = 4*k + 4*o, -5*k = -3*k - 2*o - m. List the prime factors of k.
2
Let d(h) = h**2 - h. Let t be d(5). Suppose 0*z = 5*k + 5*z + t, k + 4*z + 4 = 0. Let u = k + 6. List the prime factors of u.
2
Let r = 2 - 2. Suppose -d - 130 = -r*d. What are the prime factors of (-4)/14 - d/14?
3
Suppose 3*z + i - 36 = -13, -4*z + 22 = -3*i. Suppose -z = -u - 2*q, 42 = 2*u - 2*q - 2. List the prime factors of u.
17
Let v(i) = -i**2 - 7*i - 4. Suppose 60 = -2*h - 2*h. Let c be ((-20)/h)/((-4)/18). What are the prime factors of v(c)?
2
Suppose 6*n = 3*n + 3*p - 3, -5*n = 3*p - 19. Let m = -4 + 25. Suppose -l + m = n*l. List the prime factors of l.
7
Suppose 3*q + 0*q + 117 = 0. List the prime factors of 13/q - 118/(-3).
3, 13
Let k(s) = s**3 + 6*s**2 + 4*s - 3. Let c be 10/25 - 54/10. Let i be k(c). Suppose -5*g = i - 32. What are the prime factors of g?
2, 3
Suppose 5*c = 2*c + 36. What are the prime factors of c?
2, 3
Let p be (1*(-4 - 0))/(-2). Suppose 2*q + p*q - 108 = 0. Let c = q + -15. What are the prime factors of c?
2, 3
List the prime factors of (0 - (-2 + -1))/(-1) + 202.
199
Let j be (-2 - -3)